Suppose -s + y = -o. What is the highest common factor of s and 14?
7
Suppose 0*u + 14 = u - 3*s, -3*u + 31 = 2*s. Calculate the highest common factor of u and 88.
11
Let j(g) = g**3 + 4*g**2 - 3. Let d be j(4). Let n = d + -81. Let z(b) = 3*b - 2. Let u be z(2). What is the highest common factor of u and n?
4
Let w be (-3 - 30/(-14))*-21. Calculate the greatest common factor of w and 90.
18
Let j be (-2)/(-7) + 94/14. Suppose j*s - 4*s = 168. Suppose -q - 4*u - u = -37, -3*q = 4*u - s. Calculate the greatest common factor of q and 6.
6
Suppose -6*t + 3*t = -135. What is the highest common divisor of t and 15?
15
Suppose c + 12 = 5*c. Let u = -30 - -33. Suppose c*j = u - 0, 0 = -4*v + j + 43. Calculate the greatest common factor of v and 11.
11
Let q be (-63)/(-28)*(23 + -1 + -2). What is the greatest common divisor of 30 and q?
15
Suppose -3*o + 7 = z - 2*o, 5*o - 23 = -2*z. Suppose -z = n - 2*n. Suppose 2*c = n*c - 16. Calculate the greatest common divisor of 56 and c.
8
Let o(z) = -2*z**2 + z**2 + 2*z**2 + 9 - 9*z. Let n be o(8). What is the greatest common factor of 5 and n?
1
Suppose 0 = -3*a + 3, -2*j - 2*a + 12 = 3*j. Suppose j*c = -3*c + 440. What is the greatest common divisor of c and 11?
11
Suppose 2*w + 2*s + 16 = 0, 7 = -w - 3*s + s. Let g(u) = u**2 + 9*u + 2. Let d be g(w). Let l be (12 + -5)/(1/d). What is the greatest common factor of l and 7?
7
Suppose 0 = -f - 2*f + 24. Calculate the greatest common divisor of 2 and f.
2
Let q be (-5)/(-3) + (-3)/(-9) - 0. Let x be 1 + 0 + 16 + -1. What is the highest common divisor of q and x?
2
Let m = 8 - 6. What is the greatest common divisor of m and 22?
2
Let g(q) = -25*q - 5. Let c(r) = r**2 - 6*r - 2. Let s be c(6). Let f be g(s). Let b = -17 + 32. What is the greatest common divisor of b and f?
15
Suppose 0 = -5*h + 325 - 115. Let v = -30 + h. Let l = 89 + -86. Calculate the greatest common divisor of l and v.
3
Suppose c = -4*k - 2*c - 10, 5*c + 6 = -4*k. Let i be k/(5/((-5)/2)). Let d be 1/i - 318/(-4). What is the greatest common divisor of d and 10?
10
Let i be 96/(-168) + 445/7. Calculate the greatest common factor of i and 21.
21
Suppose g - 5*z = 3*g - 46, 3*z = 0. What is the highest common divisor of g and 46?
23
Let g be (-608)/(-28) + (-6)/(-21). Calculate the greatest common factor of g and 11.
11
Let w be 15/10*(7 + 1). What is the highest common divisor of 192 and w?
12
Let n(a) = a**3 - 4*a**2 - 4*a + 2. Let m be n(4). Let o = m + -5. Let x be -2 - (o - 6/3). What is the greatest common factor of x and 190?
19
Suppose c - 2*q - 368 = -5*q, 0 = 2*c - 2*q - 752. What is the highest common divisor of 22 and c?
22
Let s be (-3)/(-2 - 1) + 3. Let v = s + 0. Calculate the highest common factor of 1 and v.
1
Suppose -4*q + 16 = 3*m + m, -5*m + 6 = -2*q. Suppose q*j + 5*i = i + 44, -15 = 3*i. Calculate the highest common divisor of j and 80.
16
Suppose 0 = 5*g - 13 - 2. Suppose -3*u + g*v + 18 = -72, -4*v - 12 = 0. Let f be (-1 - (0 + 1)) + 11. Calculate the greatest common factor of u and f.
9
Let a = 0 - -13. Suppose 11*q - 1384 = 46. Calculate the highest common factor of a and q.
13
Let z = -19 + 35. Let w = 73 - 25. Calculate the greatest common factor of z and w.
16
Let g be (-38)/5 - (-4)/(-10). Let d be (g + 2)/(4/(-6)). Let b be ((-45)/(-2))/(2/4). What is the highest common divisor of d and b?
9
Suppose 5*a + 37 = g, 4*g - 273 = a - 6*a. Suppose w - 4 - 6 = 4*f, -5*f - g = -4*w. Calculate the highest common divisor of w and 27.
9
Let d = 9 - -7. Calculate the highest common factor of 24 and d.
8
Let c(d) = 4*d**3 + 8*d**2 - 5*d**3 - 2 - 6*d - 5. Let j be c(7). Suppose p + j*p - 72 = 0. What is the greatest common divisor of p and 8?
8
Suppose 8*h - 3*h = 75. What is the greatest common factor of 15 and h?
15
Let a be 28/1 - ((-8)/4 - -5). Calculate the highest common divisor of 225 and a.
25
Let c(t) = t**3 + 20*t**2 + 24*t + 37. Let m be c(-18). Calculate the highest common factor of m and 23.
23
Let s(r) = 7*r - 10. Let q be s(4). Suppose 4*g = 2*g + q. Calculate the greatest common factor of g and 9.
9
Let a be 1/(-6) - (-53)/(-6). Let l(q) = -q**3 - 10*q**2 - 9*q + 8. Let r be l(a). Calculate the highest common divisor of r and 8.
8
Let n(p) = p - 8. Let y be n(-8). Let x be (y/12)/(2/(-108)). Suppose m - x = -2*m. Calculate the highest common divisor of 3 and m.
3
Let l be ((-6)/8)/(6/(-24)). Suppose 0*s - l*s + 3 = 0. Calculate the greatest common factor of s and 1.
1
Suppose f + 0*f = 4*m + 128, 0 = 3*f - m - 406. What is the highest common divisor of 17 and f?
17
Let u(i) = 3*i - 13. Let m(k) = -8*k**3 + 2*k + 1. Let s be m(-1). Let z be u(s). Let v be 0 - (-4)/2*32. Calculate the greatest common factor of z and v.
8
Suppose 3*r - 216 = -r. Let d = -21 - -15. Let a be (d/7)/(3/(-21)). What is the highest common factor of r and a?
6
Let q be (6/7)/((-2)/(-28)). Suppose -3*f + 138 = 2*x, -5*f + 246 = -0*f - 2*x. Calculate the greatest common factor of q and f.
12
Suppose -12*s - 72 + 240 = 0. What is the highest common divisor of 14 and s?
14
Let w = -6 + 9. Let i be 0/1 + w*7. Let m = 0 - -7. Calculate the highest common divisor of i and m.
7
Let q be 2/(-4) + 129/2. Suppose -q = -h - h. What is the greatest common factor of 4 and h?
4
Let u(h) = -h**2 + 7*h - 4. Let v be u(4). What is the greatest common factor of v and 32?
8
Suppose -9*l + 169 = -2. Let n = -150 - -283. Calculate the greatest common factor of l and n.
19
Let k be 4/(-8)*0/2 - -21. What is the highest common divisor of 14 and k?
7
Let v = -19 - -29. Let a = -190 + 270. Calculate the greatest common divisor of v and a.
10
Suppose 2*s - 3*v - 90 = 0, v - 3*v = -5*s + 214. What is the highest common factor of s and 28?
14
Let l(h) = -41*h - 1. Let t be l(-1). Suppose -2 = 5*z - 52. What is the greatest common factor of z and t?
10
Suppose -3*m - 24 = -7*m. Suppose 4*q + 8 = m*q. Calculate the greatest common factor of q and 32.
4
Let x(i) = -5*i - 1 + 4*i + i - 4*i. Let v be x(-3). Calculate the highest common factor of v and 33.
11
Let w be 208/12 + 2/3. Let p = w - 12. Calculate the greatest common divisor of 54 and p.
6
Suppose -4*h - 25 + 9 = 0. Let m be 3/(-3)*(h - -1). Suppose -m*y = -2 - 1. Calculate the highest common divisor of y and 4.
1
Let w be -4*1*(1 - 27/4). What is the highest common factor of w and 69?
23
Let f be -1 - -3 - (-1 - 0). Let v be 0/((-3)/f) + 10. Suppose 3*b + 6 = 4*b + w, -46 = -3*b + 4*w. Calculate the greatest common factor of b and v.
10
Suppose 462 = 9*x + 5*x. Calculate the greatest common divisor of x and 11.
11
Suppose 0 = -2*y + 4*y. Let h(i) = i. Let x be h(y). Let n be x/(-2) - -18 - -1. Calculate the highest common factor of n and 57.
19
Suppose -38 = 5*i + 4*p, -22 = 3*i - 0*p + 2*p. Let u be 464/18 + 2/9. Let q = u - i. What is the highest common factor of 16 and q?
16
Suppose -5*k = -2*z - 39, -k = -2*k - 5*z + 24. Suppose -5*j + 90 = -5*y, k*j = 4*j + 2*y + 81. What is the highest common factor of 165 and j?
15
Suppose 18 = 5*n - 22. Suppose 4*b + 150 = 4*l + 10, -2*b - 190 = -5*l. Calculate the greatest common factor of n and l.
8
Let b(l) = l**2 - 13*l + 21. Let k be (-21)/2*(-20)/15. Let w be b(k). Calculate the greatest common divisor of 7 and w.
7
Suppose 0 = 4*h - h - 3*r - 105, -2*h - 2*r + 50 = 0. Calculate the highest common factor of h and 6.
6
Let s = 144 - 84. Let z be 124/10 + 4/(-10). What is the greatest common factor of z and s?
12
Suppose 6*g - 10 = g. Let a be g*(33/(-6) - -2). Let z(f) = -f**3 - 8*f**2 - 7*f + 10. Let r be z(a). Calculate the greatest common divisor of r and 10.
10
Let q(p) = -p - 4. Let s be q(-6). Suppose -5 = -5*y, -s*g - 4*y + 10 = -g. Let i = 3 - 1. What is the highest common factor of g and i?
2
Suppose 0 = -i + 55 + 25. What is the highest common divisor of 20 and i?
20
Suppose -10 = -29*r + 27*r. What is the greatest common factor of r and 35?
5
Let p = -14 - -33. What is the highest common divisor of p and 152?
19
Let t(h) = -2*h - 4 + 0 + h - h. Let p be t(-11). Calculate the greatest common factor of p and 3.
3
Let s = 35 - -82. Let x be -3 - s/(-3)*1. Calculate the highest common factor of x and 18.
18
Let y = -17 - -18. Calculate the greatest common divisor of y and 1.
1
Suppose 6 = -2*r - 0, -q +